{"id":2486,"date":"2024-11-07T17:15:35","date_gmt":"2024-11-07T17:15:35","guid":{"rendered":"https:\/\/www.estudioshistoricos.com\/?page_id=2486"},"modified":"2026-01-19T11:54:55","modified_gmt":"2026-01-19T11:54:55","slug":"jose-enrique-benlloch-castineira","status":"publish","type":"page","link":"https:\/\/www.estudioshistoricos.com\/?page_id=2486","title":{"rendered":"Jose Enrique Benlloch Casti\u00f1eira"},"content":{"rendered":"\n<!-- Generated using Document Gallery. Get yours here: http:\/\/wordpress.org\/extend\/plugins\/document-gallery -->\n<div id=\"document-gallery-1\" class=\"document-gallery\" data-shortcode='{\"id\":2486,\"include\":\"\",\"exclude\":\"\",\"columns\":4,\"order\":\"DESC\",\"orderby\":\"date\",\"relation\":\"AND\",\"limit\":-1,\"mime_types\":\"application,video,text,audio,image\",\"paginate\":true,\"post_status\":\"any\",\"post_type\":\"attachment\",\"fancy\":false,\"descriptions\":false,\"attachment_pg\":false,\"new_window\":false,\"skip\":0}' style='--dg-icon-width: 24%'>\n<div class='document-icon-row'>\n   <div class=\"document-icon\">\n      <a href=\"https:\/\/www.estudioshistoricos.com\/wp-content\/uploads\/2024\/11\/benlloch_casti_nalgures-xx.pdf\" target=\"_self\">\n         <img decoding=\"async\" src=\"https:\/\/www.estudioshistoricos.com\/wp-content\/uploads\/2024\/11\/benlloch_casti_nalgures-xx-pdf.jpg\" title=\"El comercio en Mux\u00eda durante el s. XVI (Nalgures XX)\" alt=\"El comercio en Mux\u00eda durante el s. XVI (Nalgures XX)\" data-ext=\"pdf\"\/>\n         <span class=\"title\">El comercio en Mux\u00eda durante el s. XVI (Nalgures XX)<\/span>\n      <\/a>\n   <\/div>\n   <div class=\"document-icon\">\n      <a href=\"https:\/\/www.estudioshistoricos.com\/wp-content\/uploads\/2024\/11\/benlloch_casti_nalgures-xx_2.pdf\" target=\"_self\">\n         <img decoding=\"async\" src=\"https:\/\/www.estudioshistoricos.com\/wp-content\/uploads\/2024\/11\/benlloch_casti_nalgures-xx_2-pdf.jpg\" title=\"O comercio en Mux\u00eda no final do s. XVI: unha an\u00e1lise num\u00e9rica (Nalgures XX)\" alt=\"O comercio en Mux\u00eda no final do s. XVI: unha an\u00e1lise num\u00e9rica (Nalgures XX)\" data-ext=\"pdf\"\/>\n         <span class=\"title\">O comercio en Mux\u00eda no final do s. XVI: unha an\u00e1lise num\u00e9rica (Nalgures XX)<\/span>\n      <\/a>\n   <\/div>\n   <div class=\"document-icon\">\n      <a href=\"https:\/\/www.estudioshistoricos.com\/wp-content\/uploads\/2024\/11\/benlloch_nalgures_15.pdf\" target=\"_self\">\n         <img decoding=\"async\" src=\"https:\/\/www.estudioshistoricos.com\/wp-content\/uploads\/2024\/11\/benlloch_nalgures_15-pdf.jpg\" title=\"Un estudo num\u00e9rico dos documentos de Montederramo (Nalgures XV)\" alt=\"Un estudo num\u00e9rico dos documentos de Montederramo (Nalgures XV)\" data-ext=\"pdf\"\/>\n         <span class=\"title\">Un estudo num\u00e9rico dos documentos de Montederramo (Nalgures XV)<\/span>\n      <\/a>\n   <\/div>\n\n<\/div>\n<\/div>","protected":false},"excerpt":{"rendered":"","protected":false},"author":1,"featured_media":0,"parent":0,"menu_order":0,"comment_status":"closed","ping_status":"closed","template":"","meta":{"footnotes":""},"class_list":["post-2486","page","type-page","status-publish","hentry"],"_links":{"self":[{"href":"https:\/\/www.estudioshistoricos.com\/index.php?rest_route=\/wp\/v2\/pages\/2486","targetHints":{"allow":["GET"]}}],"collection":[{"href":"https:\/\/www.estudioshistoricos.com\/index.php?rest_route=\/wp\/v2\/pages"}],"about":[{"href":"https:\/\/www.estudioshistoricos.com\/index.php?rest_route=\/wp\/v2\/types\/page"}],"author":[{"embeddable":true,"href":"https:\/\/www.estudioshistoricos.com\/index.php?rest_route=\/wp\/v2\/users\/1"}],"replies":[{"embeddable":true,"href":"https:\/\/www.estudioshistoricos.com\/index.php?rest_route=%2Fwp%2Fv2%2Fcomments&post=2486"}],"version-history":[{"count":4,"href":"https:\/\/www.estudioshistoricos.com\/index.php?rest_route=\/wp\/v2\/pages\/2486\/revisions"}],"predecessor-version":[{"id":2723,"href":"https:\/\/www.estudioshistoricos.com\/index.php?rest_route=\/wp\/v2\/pages\/2486\/revisions\/2723"}],"wp:attachment":[{"href":"https:\/\/www.estudioshistoricos.com\/index.php?rest_route=%2Fwp%2Fv2%2Fmedia&parent=2486"}],"curies":[{"name":"wp","href":"https:\/\/api.w.org\/{rel}","templated":true}]}}